59).
-6
Let q(d) = -d**3 - 140*d**2 - 27*d - 3779. What is q(-140)?
1
Let x(d) = -5*d**3 - 21*d**2 + 19*d + 38. Determine x(5).
-1017
Let l(k) = 95*k + 6538. Determine l(-69).
-17
Let c(k) = 44*k**3 + k**2 + 450*k - 452. Give c(1).
43
Let t(y) = y**3 - 21*y**2 + 79*y - 12. What is t(4)?
32
Let h(n) = -n**3 + 99*n**2 - 892*n + 193. What is h(89)?
15
Let v(g) = 3*g**2 - 4840*g - 24196. Give v(-5).
79
Let w(y) = -6*y**2 + 2*y - 33. Give w(-8).
-433
Let f(p) = -p**3 + 11*p**2 + 53*p - 361. Give f(13).
-10
Let f(m) = 40*m + 634. Give f(-17).
-46
Let r(a) = -624*a - 10. Give r(0).
-10
Let l(y) = -12*y + 343. What is l(22)?
79
Let b(m) = -6*m**2 - 30*m + 9. What is b(-4)?
33
Let z(w) = -w**3 - 26*w**2 - 61*w + 979. What is z(-21)?
55
Let r(a) = a**3 - 5*a + 229. Calculate r(0).
229
Let t(s) = s**3 - 81*s**2 - 346*s - 28. Determine t(-4).
-4
Let q(s) = -70*s**2 - 91*s - 7. Determine q(0).
-7
Let z(g) = -2374*g + 9458. Determine z(4).
-38
Let q(w) = w**3 - 2*w**2 - 24*w - 66. Calculate q(8).
126
Let q(t) = 70*t + 10638. What is q(-152)?
-2
Let b(w) = 28*w + 116. Give b(-6).
-52
Let t(w) = w**3 - 49*w**2 + 133*w + 227. Determine t(46).
-3
Let b(a) = 2*a**3 - 14*a**2 + 51*a - 298. Calculate b(7).
59
Let l(x) = -12*x**2 + 254*x - 36. Calculate l(21).
6
Let k(j) = j**2 - 51*j + 679. What is k(35)?
119
Let p(i) = -i**3 - 21*i**2 - 300*i - 7966. Determine p(-23).
-8
Let z(k) = 12*k - 13. What is z(1)?
-1
Let t(b) = -4*b**3 - 30*b + 107. What is t(4)?
-269
Let v(d) = -2*d**3 - 13*d**2 - 5*d + 59. Give v(-5).
9
Let q(n) = 108*n - 5932. Give q(55).
8
Let d(y) = 81*y - 84. Determine d(0).
-84
Let d(t) = t**2 - 169*t - 2888. What is d(-16)?
72
Let o(r) = r**3 - 23*r**2 - 7*r - 70. Calculate o(23).
-231
Let y(s) = -487*s - 261. Calculate y(-3).
1200
Let y(k) = 6*k**2 + 71*k + 213. Calculate y(-5).
8
Let s(k) = -6*k**2 + 5*k + 13. Give s(4).
-63
Let m(h) = -h**2 + 185*h - 3831. What is m(161)?
33
Let b(k) = -7*k**2 + 261*k - 1338. What is b(31)?
26
Let m(l) = 2*l**3 + 20*l**2 + 6*l - 21. Give m(-8).
187
Let z(m) = -823*m - 20578. What is z(-25)?
-3
Let n(o) = -o**2 - 18*o + 432. What is n(-31)?
29
Let n(l) = l**3 + 14*l**2 - 34*l + 1. Calculate n(2).
-3
Let g(l) = l**2 - 12*l - 89. Determine g(18).
19
Let b(h) = -84*h**2 - 3*h + 1. What is b(-1)?
-80
Let s(l) = 765*l + 3096. What is s(-4)?
36
Let t(r) = -539*r + 1214. Determine t(2).
136
Let x(h) = h**3 - 26*h**2 + 46*h + 67. Determine x(24).
19
Let r(l) = -410*l - 34026. Determine r(-83).
4
Let t(g) = -16*g + 48. Give t(3).
0
Let s(b) = 18*b**2 + 668*b + 98. Calculate s(-37).
24
Let h(j) = j**3 - 33*j**2 + 20*j + 378. Give h(32).
-6
Let v(j) = -2*j**3 + 145*j**2 - 215*j + 164. Calculate v(71).
22
Let b(g) = 2485*g - 7494. Determine b(3).
-39
Let p(o) = o**2 - 81*o + 447. Give p(6).
-3
Let l(p) = 2*p**3 - 5*p**2 + 2*p - 15. Give l(4).
41
Let k(j) = -j**3 + 58*j**2 + 59*j - 24. Determine k(59).
-24
Let c(r) = -20*r**3 + 6*r**2 - 15*r + 13. Give c(3).
-518
Let d(k) = 2*k**2 + 119*k - 169. Calculate d(-61).
14
Let i(u) = -u**3 + 34*u**2 - 62*u - 225. Calculate i(32).
-161
Let o(a) = -183*a**2 - 1264*a + 135. Give o(-7).
16
Let k(s) = s**2 + 31*s - 3637. Determine k(47).
29
Let p(b) = b**3 - 18*b**2 - 248*b + 21. What is p(-9)?
66
Let m(i) = i**3 + 7*i**2 + 50*i + 451. Calculate m(-8).
-13
Let p(y) = 23*y**3 - 208*y**2 + 5*y + 17. What is p(9)?
-19
Let x(l) = -2*l**2 + 183*l - 718. What is x(4)?
-18
Let l(y) = -17*y**2 + 41*y + 1134. Calculate l(-7).
14
Let y(k) = 474*k - 1894. What is y(4)?
2
Let j(y) = 3*y**3 - 73*y**2 + 29*y + 109. Give j(24).
229
Let d(k) = -k**3 - 30*k**2 - 192*k - 50. What is d(-13)?
-427
Let q(c) = -241*c**2 + 11806*c + 148. Calculate q(49).
1
Let y(w) = -w**3 + 64*w**2 - 188*w + 146. Determine y(61).
-159
Let b(i) = -11*i - 501. Determine b(-49).
38
Let x(l) = 603*l + 2422. Calculate x(-4).
10
Let r(a) = -2*a**2 - 207*a + 1286. What is r(6)?
-28
Let m(n) = 3*n**3 + 15*n**2 + 7*n - 27. What is m(-4)?
-7
Let y(r) = -r**3 - 15*r**2 - 36*r - 42. Give y(-11).
-130
Let p(h) = -15*h**3 - 195*h**2 - 231*h - 3002. Calculate p(-13).
1
Let f(w) = -w**3 + 114*w**2 - 2770*w + 65. Calculate f(79).
-330
Let p(o) = -33*o + 257. What is p(9)?
-40
Let f(n) = 640*n + 7060. Determine f(-11).
20
Let b(h) = h**2 - 90*h + 812. Calculate b(10).
12
Let t(b) = b**2 + 10*b - 128. What is t(13)?
171
Let w(c) = -124*c + 4832. Calculate w(39).
-4
Let u(b) = 14*b**2 - 50*b - 22. Calculate u(7).
314
Let g(k) = k**2 + 2*k - 18. Calculate g(-13).
125
Let h(i) = -3*i**3 - 44*i**2 - 168*i - 38. Calculate h(-7).
11
Let l(s) = 2*s**2 - 81*s + 446. Determine l(6).
32
Let y(r) = 153*r - 5641. What is y(37)?
20
Let r(g) = 100*g**2 + 504*g - 3. Give r(-5).
-23
Let l(u) = -396*u**3 - u**2 + u + 4. What is l(-1)?
398
Let s(l) = 284*l**2 - 2275*l + 17. What is s(8)?
-7
Let h(m) = -m**3 - 34*m**2 + 42*m + 254. What is h(-35)?
9
Let d(q) = 334*q + 50778. Give d(-152).
10
Let a(x) = -x**3 - 21*x**2 - 43*x + 65. Calculate a(-20).
525
Let s(x) = -2*x**2 + 1169*x - 3496. Calculate s(3).
-7
Let h(y) = 4*y**2 - 131*y - 109. Determine h(35).
206
Let d(y) = y**3 - 2*y**2 + 28*y - 102. What is d(4)?
42
Let h(a) = 29*a**2 - 542*a - 69. Give h(19).
102
Let m(r) = 15*r - 47. Determine m(7).
58
Let n(u) = -49*u - 1517. Give n(-31).
2
Let s(m) = m**3 + 12*m**2 + 17*m + 28. What is s(-11)?
-38
Let p(a) = -2112*a + 16902. Determine p(8).
6
Let t(d) = -d**2 + 837*d - 84245. What is t(117)?
-5
Let b(l) = -3*l**3 - 30*l**2 + 26*l - 72. Determine b(-11).
5
Let l(v) = v**3 + 180*v**2 - 365*v - 194. Give l(-182).
-12
Let b(h) = h**2 - 508*h + 24911. Determine b(55).
-4
Let y(m) = -15*m**2 + 20*m + 193. Calculate y(-3).
-2
Let m(p) = p**3 + 5*p**2 + 2*p - 21. Determine m(-3).
-9
Let r(s) = -102*s - 6016. Calculate r(-59).
2
Let n(t) = 35*t + 368. Determine n(-14).
-122
Let u(q) = q**3 + 6*q**2 - 5*q - 152. Determine u(0).
-152
Let q(d) = 43*d - 944. Determine q(22).
2
Let z(u) = 23*u + 192. Determine z(-7).
31
Let d(z) = -1731*z - 6911. What is d(-4)?
13
Let d(b) = 3*b**3 - 11*b**2 + 11*b + 2. Calculate d(4).
62
Let h(s) = -44*s**3 - 3*s**2 + 11*s - 8. Give h(1).
-44
Let c(n) = 4*n**2 + 125*n + 19. Give c(-31).
-12
Let n(d) = -2*d**2 - 678*d - 3349. Determine n(-5).
-9
Let j(r) = 2*r**3 + 12*r**2 - 36*r - 23. Give j(-8).
9
Let f(u) = -12*u**3 + 98*u**2 - 22*u + 48. What is f(8)?
0
Let a(u) = u**3 + 106*u**2 - 1016*u + 2187. Give a(-115).
2
Let f(u) = -100*u - 696. What is f(-7)?
4
Let n(o) = -36*o**2 - 953*o + 511. Give n(-27).
-2
Let i(s) = -19*s - 2141. What is i(-113)?
6
Let x(d) = -d**3 - 13*d**2 + 28*d + 2. Determine x(-15).
32
Let m(r) = 36*r + 1799. What is m(-51)?
-37
Let d(i) = -3*i**3 + 19*i**2 - 41*i + 8. Calculate d(6).
-202
Let p(d) = 2*d**2 - 32*d - 16. What is p(16)?
-16
Let x(c) = c**2 - 55*c - 640. What is x(59)?
-404
Let m(w) = 383*w + 228. Calculate m(-1).
-155
Let g(j) = -190*j - 2692. Determine g(-14).
-32
Let r(u) = u**3 - 2*u**2 + 19. Give r(-3).
-26
Let m(j) = 6*j + 37. Give m(-13).
-41
Let j(r) = 40*r + 1327. Calculate j(-32).
47
Let s(i) = -673*i - 2023. Calculate s(-3).
-4
Let u(v) = -3*v**2 + 184*v - 1963. Calculate u(14).
25
Let z(t) = -t - 128. Determine z(24).
-152
Let r(s) = -s**3 - 6*s**2 + 21*s + 134. What is r(-4)?
18
Let o(h) = -1117*h - 4467. What is o(-4)?
1
Let l(k) = -k**3 - 13*k**2 + 17*k + 44. Give l(-14).
2
Let g(d) = d**3 - 6*d**2 + 7*d + 7. Give g(5).
17
Let l(u) = 28*u + 2941. Determine l(-105).
1
Let c(j) = j**2 - 8*j - 132. Give c(17).
21
Let f(z) = 11*z**2 + 50*z - 39. Determine f(-5).
-14
Let t(y) = y**3 - 8*y**2 - 50*y + 447. What is t(8)?
47
Let b(m) = 21*m**2 + 52*m - 282. Determine b(-5).
-17
Let d(b) = 47*b**3 - 2*b**2 - 31*b - 55. What is d(-2)?
-377
Let d(h) = -639*h - 45361. Determine d(-71).
8
Let g(z) = z**3 + 13*z**2 - 42*z - 534. Calculate g(-13).
12
Let t(h) = -28*h**2 + 16*h - 17. Determine t(1).
-29
Let r(k) = k**3 - 18*k**2 + 9*k + 5. Determine r(18).
167
Let r(z) = 66*z**2 + 19*z - 2. Calculate r(-1).
45
Let g(u) = 4*u - 244. Give g(-41).
-408
Let z(y) = 416*y - 27065. Determine z(65).
-25
Let p(f) = -10*f**2 + 2*f - 11. Calculate p(0).
-11
Let p(q) = -q**3 + 21*q**2 - 16*q - 219. What is p(20)?
-139
Let c(b) = -3*b**3 - 21*b**2 + 82*b - 55. Calculate c(4).
-255
Let m(p) = 4*p**2 - 37*p - 327